{"version":"1.0","provider_name":"Jobs\/ Internships\/ Scholarships\/","provider_url":"https:\/\/rubyskynews.com","author_name":"eurointern","author_url":"https:\/\/rubyskynews.com\/index.php\/author\/eurointern28gmail-com\/","title":"Zona Liber\u0103 Curtici \u2013 Arad - Jobs\/ Internships\/ Scholarships\/","type":"rich","width":600,"height":338,"html":"<blockquote class=\"wp-embedded-content\" data-secret=\"6UzWsYQIW4\"><a href=\"https:\/\/rubyskynews.com\/index.php\/2011\/07\/06\/zona-libera-curtici-arad\/\">Zona Liber\u0103 Curtici \u2013 Arad<\/a><\/blockquote><iframe sandbox=\"allow-scripts\" security=\"restricted\" src=\"https:\/\/rubyskynews.com\/index.php\/2011\/07\/06\/zona-libera-curtici-arad\/embed\/#?secret=6UzWsYQIW4\" width=\"600\" height=\"338\" title=\"&#8220;Zona Liber\u0103 Curtici \u2013 Arad&#8221; &#8212; Jobs\/ Internships\/ Scholarships\/\" data-secret=\"6UzWsYQIW4\" frameborder=\"0\" marginwidth=\"0\" marginheight=\"0\" scrolling=\"no\" class=\"wp-embedded-content\"><\/iframe><script type=\"text\/javascript\">\n\/* <![CDATA[ *\/\n\/*! This file is auto-generated *\/\n!function(d,l){\"use strict\";l.querySelector&&d.addEventListener&&\"undefined\"!=typeof URL&&(d.wp=d.wp||{},d.wp.receiveEmbedMessage||(d.wp.receiveEmbedMessage=function(e){var t=e.data;if((t||t.secret||t.message||t.value)&&!\/[^a-zA-Z0-9]\/.test(t.secret)){for(var s,r,n,a=l.querySelectorAll('iframe[data-secret=\"'+t.secret+'\"]'),o=l.querySelectorAll('blockquote[data-secret=\"'+t.secret+'\"]'),c=new RegExp(\"^https?:$\",\"i\"),i=0;i<o.length;i++)o[i].style.display=\"none\";for(i=0;i<a.length;i++)s=a[i],e.source===s.contentWindow&&(s.removeAttribute(\"style\"),\"height\"===t.message?(1e3<(r=parseInt(t.value,10))?r=1e3:~~r<200&&(r=200),s.height=r):\"link\"===t.message&&(r=new URL(s.getAttribute(\"src\")),n=new URL(t.value),c.test(n.protocol))&&n.host===r.host&&l.activeElement===s&&(d.top.location.href=t.value))}},d.addEventListener(\"message\",d.wp.receiveEmbedMessage,!1),l.addEventListener(\"DOMContentLoaded\",function(){for(var e,t,s=l.querySelectorAll(\"iframe.wp-embedded-content\"),r=0;r<s.length;r++)(t=(e=s[r]).getAttribute(\"data-secret\"))||(t=Math.random().toString(36).substring(2,12),e.src+=\"#?secret=\"+t,e.setAttribute(\"data-secret\",t)),e.contentWindow.postMessage({message:\"ready\",secret:t},\"*\")},!1)))}(window,document);\n\/* ]]> *\/\n<\/script>\n","description":"\u00cen timp ce celelalte zone libere rom\u00e2ne\u015fti au fost \u00eenfiin\u0163ate deja \u015fi se dezvoltau din plin, crearea zonei libere Curtici \u2013 Arad nu era dec\u00e2t un proiect. Dup\u0103 cinci ani \u00een care s-a vorbit mult despre zona liber\u0103 ar\u0103dean\u0103 \u015fi dup\u0103 ce a fost blocat proiectul din cauza unor interese divergente, \u00een anul 1997 a [&hellip;]"}

Zona Liberă Curtici – Arad - Jobs/ Internships/ Scholarships/

<blockquote class="wp-embedded-content" data-secret="6UzWsYQIW4"><a href="https://rubyskynews.com/index.php/2011/07/06/zona-libera-curtici-arad/">Zona Liberă Curtici – Arad</a></blockquote><iframe sandbox="allow-scripts" security="restricted" src="https://rubyskynews.com/index.php/2011/07/06/zona-libera-curtici-arad/embed/#?secret=6UzWsYQIW4" width="600" height="338" title="&#8220;Zona Liberă Curtici – Arad&#8221; &#8212; Jobs/ Internships/ Scholarships/" data-secret="6UzWsYQIW4" frameborder="0" marginwidth="0" marginheight="0" scrolling="no" class="wp-embedded-content"></iframe><script type="text/javascript">
/* <![CDATA[ */
/*! This file is auto-generated */
!function(d,l){"use strict";l.querySelector&&d.addEventListener&&"undefined"!=typeof URL&&(d.wp=d.wp||{},d.wp.receiveEmbedMessage||(d.wp.receiveEmbedMessage=function(e){var t=e.data;if((t||t.secret||t.message||t.value)&&!/[^a-zA-Z0-9]/.test(t.secret)){for(var s,r,n,a=l.querySelectorAll('iframe[data-secret="'+t.secret+'"]'),o=l.querySelectorAll('blockquote[data-secret="'+t.secret+'"]'),c=new RegExp("^https?:$","i"),i=0;i<o.length;i++)o[i].style.display="none";for(i=0;i<a.length;i++)s=a[i],e.source===s.contentWindow&&(s.removeAttribute("style"),"height"===t.message?(1e3<(r=parseInt(t.value,10))?r=1e3:~~r<200&&(r=200),s.height=r):"link"===t.message&&(r=new URL(s.getAttribute("src")),n=new URL(t.value),c.test(n.protocol))&&n.host===r.host&&l.activeElement===s&&(d.top.location.href=t.value))}},d.addEventListener("message",d.wp.receiveEmbedMessage,!1),l.addEventListener("DOMContentLoaded",function(){for(var e,t,s=l.querySelectorAll("iframe.wp-embedded-content"),r=0;r<s.length;r++)(t=(e=s[r]).getAttribute("data-secret"))||(t=Math.random().toString(36).substring(2,12),e.src+="#?secret="+t,e.setAttribute("data-secret",t)),e.contentWindow.postMessage({message:"ready",secret:t},"*")},!1)))}(window,document);
/* ]]> */
</script>

În timp ce celelalte zone libere româneşti au fost înfiinţate deja şi se dezvoltau din plin, crearea zonei libere Curtici – Arad nu era decât un proiect. După cinci ani în care s-a vorbit mult despre zona liberă arădeană şi după ce a fost blocat proiectul din cauza unor interese divergente, în anul 1997 a [&hellip;]
