{"version":"1.0","provider_name":"Jobs\/ Internships\/ Scholarships\/","provider_url":"https:\/\/rubyskynews.com","author_name":"eurointern","author_url":"https:\/\/rubyskynews.com\/index.php\/author\/eurointern28gmail-com\/","title":"Statul dac condus de Decebal - Jobs\/ Internships\/ Scholarships\/","type":"rich","width":600,"height":338,"html":"<blockquote class=\"wp-embedded-content\" data-secret=\"KFRXV0rXKa\"><a href=\"https:\/\/rubyskynews.com\/index.php\/2011\/04\/06\/statul-dac-condus-de-decebal-2\/\">Statul dac condus de Decebal<\/a><\/blockquote><iframe sandbox=\"allow-scripts\" security=\"restricted\" src=\"https:\/\/rubyskynews.com\/index.php\/2011\/04\/06\/statul-dac-condus-de-decebal-2\/embed\/#?secret=KFRXV0rXKa\" width=\"600\" height=\"338\" title=\"&#8220;Statul dac condus de Decebal&#8221; &#8212; Jobs\/ Internships\/ Scholarships\/\" data-secret=\"KFRXV0rXKa\" frameborder=\"0\" marginwidth=\"0\" marginheight=\"0\" scrolling=\"no\" class=\"wp-embedded-content\"><\/iframe><script type=\"text\/javascript\">\n\/* <![CDATA[ *\/\n\/*! This file is auto-generated *\/\n!function(d,l){\"use strict\";l.querySelector&&d.addEventListener&&\"undefined\"!=typeof URL&&(d.wp=d.wp||{},d.wp.receiveEmbedMessage||(d.wp.receiveEmbedMessage=function(e){var t=e.data;if((t||t.secret||t.message||t.value)&&!\/[^a-zA-Z0-9]\/.test(t.secret)){for(var s,r,n,a=l.querySelectorAll('iframe[data-secret=\"'+t.secret+'\"]'),o=l.querySelectorAll('blockquote[data-secret=\"'+t.secret+'\"]'),c=new RegExp(\"^https?:$\",\"i\"),i=0;i<o.length;i++)o[i].style.display=\"none\";for(i=0;i<a.length;i++)s=a[i],e.source===s.contentWindow&&(s.removeAttribute(\"style\"),\"height\"===t.message?(1e3<(r=parseInt(t.value,10))?r=1e3:~~r<200&&(r=200),s.height=r):\"link\"===t.message&&(r=new URL(s.getAttribute(\"src\")),n=new URL(t.value),c.test(n.protocol))&&n.host===r.host&&l.activeElement===s&&(d.top.location.href=t.value))}},d.addEventListener(\"message\",d.wp.receiveEmbedMessage,!1),l.addEventListener(\"DOMContentLoaded\",function(){for(var e,t,s=l.querySelectorAll(\"iframe.wp-embedded-content\"),r=0;r<s.length;r++)(t=(e=s[r]).getAttribute(\"data-secret\"))||(t=Math.random().toString(36).substring(2,12),e.src+=\"#?secret=\"+t,e.setAttribute(\"data-secret\",t)),e.contentWindow.postMessage({message:\"ready\",secret:t},\"*\")},!1)))}(window,document);\n\/* ]]> *\/\n<\/script>\n","description":"De pe vremea c\u00e2nd Burebista a unit triburile geto-dacice sub comanda lui \u015fi p\u00e2n\u0103 \u00een anul 87 c\u00e2nd Decebal urc\u0103 la tronul Daciei, dacii au fost \u00een conflict cu romanii. \u00cemp\u0103ratul Imperiului Roman este hot\u0103r\u00e2t s\u0103 cucereasc\u0103 Dacia din cauza pericolului pe care \u00eel reprezint\u0103, dovad\u0103 fiind distrugerea provinciei romane Moesia \u00een iarna anilor 85\/86 [&hellip;]"}

De pe vremea când Burebista a unit triburile geto-dacice sub comanda lui şi până în anul 87 când Decebal urcă la tronul Daciei, dacii au fost în conflict cu romanii. Împăratul Imperiului Roman este hotărât să cucerească Dacia din cauza pericolului pe care îl reprezintă, dovadă fiind distrugerea provinciei romane Moesia în iarna anilor 85/86 [&hellip;]
