{"version":"1.0","provider_name":"Jobs\/ Internships\/ Scholarships\/","provider_url":"https:\/\/rubyskynews.com","author_name":"eurointern","author_url":"https:\/\/rubyskynews.com\/index.php\/author\/eurointern28gmail-com\/","title":"Contractul de transport aerian - Jobs\/ Internships\/ Scholarships\/","type":"rich","width":600,"height":338,"html":"<blockquote class=\"wp-embedded-content\" data-secret=\"v2xXmwpKuP\"><a href=\"https:\/\/rubyskynews.com\/index.php\/2011\/03\/07\/contractul-de-transport-aerian-2\/\">Contractul de transport aerian<\/a><\/blockquote><iframe sandbox=\"allow-scripts\" security=\"restricted\" src=\"https:\/\/rubyskynews.com\/index.php\/2011\/03\/07\/contractul-de-transport-aerian-2\/embed\/#?secret=v2xXmwpKuP\" width=\"600\" height=\"338\" title=\"&#8220;Contractul de transport aerian&#8221; &#8212; Jobs\/ Internships\/ Scholarships\/\" data-secret=\"v2xXmwpKuP\" frameborder=\"0\" marginwidth=\"0\" marginheight=\"0\" scrolling=\"no\" class=\"wp-embedded-content\"><\/iframe><script type=\"text\/javascript\">\n\/* <![CDATA[ *\/\n\/*! This file is auto-generated *\/\n!function(d,l){\"use strict\";l.querySelector&&d.addEventListener&&\"undefined\"!=typeof URL&&(d.wp=d.wp||{},d.wp.receiveEmbedMessage||(d.wp.receiveEmbedMessage=function(e){var t=e.data;if((t||t.secret||t.message||t.value)&&!\/[^a-zA-Z0-9]\/.test(t.secret)){for(var s,r,n,a=l.querySelectorAll('iframe[data-secret=\"'+t.secret+'\"]'),o=l.querySelectorAll('blockquote[data-secret=\"'+t.secret+'\"]'),c=new RegExp(\"^https?:$\",\"i\"),i=0;i<o.length;i++)o[i].style.display=\"none\";for(i=0;i<a.length;i++)s=a[i],e.source===s.contentWindow&&(s.removeAttribute(\"style\"),\"height\"===t.message?(1e3<(r=parseInt(t.value,10))?r=1e3:~~r<200&&(r=200),s.height=r):\"link\"===t.message&&(r=new URL(s.getAttribute(\"src\")),n=new URL(t.value),c.test(n.protocol))&&n.host===r.host&&l.activeElement===s&&(d.top.location.href=t.value))}},d.addEventListener(\"message\",d.wp.receiveEmbedMessage,!1),l.addEventListener(\"DOMContentLoaded\",function(){for(var e,t,s=l.querySelectorAll(\"iframe.wp-embedded-content\"),r=0;r<s.length;r++)(t=(e=s[r]).getAttribute(\"data-secret\"))||(t=Math.random().toString(36).substring(2,12),e.src+=\"#?secret=\"+t,e.setAttribute(\"data-secret\",t)),e.contentWindow.postMessage({message:\"ready\",secret:t},\"*\")},!1)))}(window,document);\n\/* ]]> *\/\n<\/script>\n","description":"\u00cenc\u0103 de la descoperirea \u015fi lansarea \u00een trafic a primelor aparate, transportul aerian a constituit un mijloc care a polarizat aten\u0163ia comunit\u0103\u0163ii interna\u0163ionale datorit\u0103 unor avantaje certe \u00een raport cu alte mijloace de transport \u015fi, mai ales, datorit\u0103 rapidit\u0103\u0163ii \u015fi confortului.Totodat\u0103, transportul aerian a ridicat \u015fi ridic\u0103 unele probleme privind siguran\u0163a efectu\u0103rii fiec\u0103rei deplas\u0103ri \u00een [&hellip;]"}

Încă de la descoperirea şi lansarea în trafic a primelor aparate, transportul aerian a constituit un mijloc care a polarizat atenţia comunităţii internaţionale datorită unor avantaje certe în raport cu alte mijloace de transport şi, mai ales, datorită rapidităţii şi confortului.Totodată, transportul aerian a ridicat şi ridică unele probleme privind siguranţa efectuării fiecărei deplasări în [&hellip;]
